the highest common factor of 5600 and 63.
7
Calculate the greatest common divisor of 40 and 260.
20
What is the greatest common factor of 130 and 39?
13
Calculate the greatest common divisor of 182 and 78.
26
What is the highest common divisor of 299 and 39?
13
What is the greatest common factor of 99704 and 242?
242
What is the greatest common divisor of 44424 and 144?
72
Calculate the highest common divisor of 85 and 1360.
85
What is the highest common divisor of 189 and 105?
21
Calculate the greatest common divisor of 55 and 715.
55
Calculate the highest common factor of 44 and 868.
4
What is the greatest common factor of 38 and 114?
38
Calculate the greatest common divisor of 264 and 1188.
132
Calculate the highest common factor of 1379 and 14.
7
Calculate the greatest common factor of 19345 and 265.
265
Calculate the greatest common factor of 260 and 2880.
20
What is the greatest common divisor of 2540 and 8?
4
Calculate the greatest common divisor of 9 and 39.
3
Calculate the greatest common divisor of 774 and 6.
6
What is the highest common factor of 13847 and 454?
227
What is the greatest common factor of 729 and 6?
3
What is the greatest common divisor of 3208 and 8?
8
What is the highest common factor of 56 and 6112?
8
Calculate the greatest common factor of 39 and 33.
3
What is the greatest common divisor of 240 and 12?
12
What is the greatest common divisor of 17 and 1207?
17
Calculate the highest common divisor of 137 and 1.
1
Calculate the highest common divisor of 77 and 22.
11
Calculate the highest common factor of 1356 and 12.
12
What is the highest common divisor of 341 and 31?
31
What is the greatest common divisor of 76 and 266?
38
What is the greatest common divisor of 99 and 12?
3
What is the greatest common factor of 54 and 11988?
54
Calculate the greatest common factor of 306 and 8874.
306
Calculate the greatest common divisor of 315 and 14.
7
Calculate the highest common divisor of 81 and 1323.
27
Calculate the highest common factor of 10 and 75.
5
What is the greatest common divisor of 35 and 259?
7
What is the highest common factor of 42 and 7966?
14
Calculate the highest common divisor of 1241 and 68.
17
Calculate the highest common divisor of 45 and 870.
15
Calculate the greatest common divisor of 128 and 2208.
32
Calculate the highest common divisor of 264 and 462.
66
What is the highest common divisor of 1890 and 126?
126
Calculate the highest common divisor of 5397 and 3.
3
Calculate the greatest common factor of 168 and 378.
42
Calculate the greatest common divisor of 275 and 11.
11
Calculate the greatest common divisor of 12 and 246.
6
What is the greatest common factor of 420 and 6510?
210
What is the highest common divisor of 80 and 1480?
40
What is the highest common divisor of 88 and 1507?
11
What is the greatest common divisor of 459 and 187?
17
Calculate the greatest common factor of 18070 and 195.
65
Calculate the greatest common factor of 19432 and 56.
56
Calculate the highest common divisor of 9 and 42.
3
What is the greatest common factor of 2214 and 41?
41
What is the highest common divisor of 5120 and 200?
40
Calculate the highest common divisor of 56 and 1036.
28
What is the highest common divisor of 3264 and 132?
12
Calculate the greatest common factor of 69 and 3.
3
Calculate the greatest common divisor of 138 and 1748.
46
Calculate the greatest common factor of 36 and 549.
9
Calculate the greatest common divisor of 78 and 429.
39
What is the greatest common divisor of 2 and 1373?
1
Calculate the greatest common factor of 155 and 5.
5
What is the highest common divisor of 20 and 580?
20
Calculate the greatest common divisor of 1650 and 12.
6
What is the highest common divisor of 296 and 124?
4
Calculate the highest common factor of 84 and 36.
12
Calculate the highest common factor of 2 and 98.
2
Calculate the highest common factor of 90 and 6930.
90
What is the highest common divisor of 60 and 330?
30
Calculate the greatest common factor of 2678 and 26.
26
What is the highest common factor of 31 and 341?
31
What is the greatest common divisor of 4480 and 140?
140
Calculate the greatest common divisor of 75 and 100.
25
Calculate the greatest common divisor of 45 and 60.
15
What is the greatest common divisor of 24 and 66?
6
What is the highest common divisor of 10 and 40?
10
What is the greatest common factor of 24 and 228?
12
What is the highest common divisor of 16 and 272?
16
Calculate the greatest common divisor of 572 and 462.
22
What is the highest common divisor of 28 and 6244?
28
What is the greatest common divisor of 75 and 8985?
15
Calculate the highest common divisor of 33 and 1551.
33
What is the greatest common factor of 1491 and 42?
21
Calculate the greatest common factor of 846 and 18.
18
What is the highest common factor of 25645 and 115?
115
What is the highest common divisor of 43 and 4859?
43
What is the greatest common factor of 10 and 50740?
10
Calculate the highest common divisor of 75 and 48.
3
What is the highest common factor of 32 and 6?
2
What is the greatest common divisor of 3354 and 234?
78
What is the highest common factor of 48 and 1?
1
What is the highest common factor of 135 and 225?
45
Calculate the highest common factor of 17857 and 7.
7
What is the greatest common factor of 1092 and 336?
84
What is the highest common factor of 555 and 333?
111
What is the greatest common factor of 15 and 405?
15
What is the highest common factor of 7633 and 17?
17
Calculate the highest common divisor of 70965 and 285.
285
Calculate the greatest common divisor of 48 and 6.
6
Calculate the greatest common divisor of 28 and 182.
14
What is the highest common divisor of 160 and 1240?
40
Calculate the greatest common factor of 14 and 224.
14
Calculate the highest common factor of 230 and 3565.
115
Calculate the greatest common factor of 288 and 10128.
48
Calculate the greatest common divisor of 104 and 13.
13
What is the highest common divisor of 37648 and 208?
208
What is the greatest common divisor of 44 and 374?
22
What is the greatest common divisor of 27 and 21?
3
What is the greatest common factor of 26 and 15080?
26
Calculate the greatest common factor of 230 and 130.
10
What is the greatest common divisor of 29294 and 194?
194
What is the greatest common factor of 16397 and 19?
19
What is the greatest common divisor of 130 and 78?
26
What is the greatest common factor of 114 and 2907?
57
Calculate the greatest common factor of 62 and 21173.
31
What is the greatest common divisor of 884 and 68?
68
Calculate the highest common factor of 475 and 57.
19
Calculate the highest common factor of 18 and 918.
18
What is the greatest common divisor of 1 and 13?
1
What is the highest common divisor of 156 and 52?
52
Calculate the highest common factor of 4 and 4.
4
Calculate the highest common divisor of 17 and 799.
17
What is the greatest common factor of 53 and 1113?
53
What is the highest common factor of 16 and 172?
4
What is the highest common divisor of 928 and 58?
58
What is the highest common factor of 202 and 1717?
101
Calculate the greatest common divisor of 112 and 14.
14
What is the greatest common factor of 924 and 21?
21
Calculate the highest common factor of 645 and 105.
15
Calculate the greatest common factor of 5640 and 90.
30
Calculate the highest common factor of 108 and 24.
12
What is the greatest common divisor of 53 and 159?
53
Calculate the greatest common factor of 720 and 9.
9
What is the greatest common factor of 3 and 81?
3
Calculate the greatest common factor of 165 and 75.
15
Calculate the greatest common divisor of 1040 and 20.
20
What is the highest common divisor of 10 and 85?
5
What is the greatest common factor of 231 and 84?
21
What is the greatest common divisor of 39 and 104?
13
Calculate the highest common divisor of 15 and 21.
3
Calculate the highest common factor of 28 and 343.
7
Calculate the highest common divisor of 3 and 393.
3
Calculate the greatest common factor of 19 and 3819.
19
What is the greatest common factor of 2249 and 2768?
173
What is the highest common factor of 4932 and 2?
2
What is the greatest common factor of 41 and 8?
1
Calculate the greatest common factor of 5054 and 266.
266
Calculate the greatest common divisor of 47